Suppose 3*i - i = 2. What is the units digit of 2 - 2/2*i?
1
Let g = 9 - 1. What is the units digit of g?
8
Suppose 18 = 2*s + 4*l, -3*s - 2*l + 3 = -4*l. Let p(i) = -i**3 + 3*i**2 + 3*i + 4. What is the units digit of p(s)?
3
Let b(p) = -2*p. Let o be b(-2). Suppose o*s = -4*y - 0*s - 12, y + 13 = -3*s. What is the tens digit of (24/14)/(y/14)?
1
Suppose -2*i = 1 + 15. Let x = i - -12. Suppose -1 = x*p - 33. What is the units digit of p?
8
Suppose 0 = -0*v + v - w, -2*v = w - 6. Suppose 2*x = 2 + v. Suppose 0 = -x*k + 4, -2*k = -4*f + 6 + 50. What is the units digit of f?
5
What is the tens digit of 1/2 - (-275)/22?
1
Let m(x) = -17*x - 20. Let y(d) = 9*d + 10. Let s(r) = 6*m(r) + 11*y(r). Suppose -4*b - 31 = -j, -1 = 2*j + 1. What is the tens digit of s(b)?
1
Let f(d) = -d**2 - 9*d + 7*d**2 + 0 + d**3 - 5. Let j be f(-7). Suppose -i + j = 4*h, 3*i = 5*i - h. What is the units digit of i?
1
Let o(z) = 2 + 2*z - 5*z**2 + 3*z + 4*z**2. What is the units digit of o(4)?
6
Let j = 13 + -13. Let h(b) = -b**2 + 2*b + 11. What is the units digit of h(j)?
1
Suppose 4 = 2*t - 3*g - 7, -3*t + 3*g + 21 = 0. Suppose p + 1 = t. What is the units digit of p?
9
Let p = -209 + 513. What is the tens digit of p?
0
Let m be -1*(-2 + 3)*-3. Suppose -52 = -0*a - a + 4*h, m*a = 3*h + 111. What is the tens digit of a?
3
Suppose 0 = -3*p - 15 + 84. What is the units digit of p?
3
Suppose -g + 3*g = 5*l - 21, 3*g = 6. Suppose -3*v + 140 = -2*r, 0 = 3*v - l*r + 4*r - 142. What is the units digit of v?
8
Let p(f) = -17*f + 4. What is the tens digit of p(-2)?
3
Let v be (27/12)/(3/8). Let c be ((-4)/v)/(1/(-6)). Suppose -c*u = 4, -o - 2 = 2*u - 9. What is the units digit of o?
9
Let p = 464 - 312. What is the tens digit of p?
5
Suppose 3*h = 105 - 18. What is the tens digit of h?
2
Suppose 62 - 2 = 5*q. Suppose -2*w + d + 33 = 0, -d - 12 = -4*w + 59. Let u = w - q. What is the units digit of u?
7
Let n(m) = -36*m - 24. What is the units digit of n(-7)?
8
Let h(p) = -5*p + 9. Let w(t) = -4*t + 8. Let k(v) = -3*h(v) + 4*w(v). Let u be ((-3)/2)/((-2)/4). What is the units digit of k(u)?
2
Let s(f) be the second derivative of -16*f**3/3 - 4*f. What is the tens digit of s(-1)?
3
Suppose y - 2 = 4*v + 8, v + 3 = 0. Suppose 4 = m - 5*q, -6*m - q + 20 = -m. Let a = y + m. What is the units digit of a?
2
Suppose s - 4*u - 1 = 0, -3*s - 3*u = s - 23. What is the units digit of s?
5
Suppose -5*y = -y - 16. Suppose -y*w - 16 = -4*q, 2*q + 0*q + 10 = -4*w. What is the units digit of q?
1
Let f(i) = 3*i**2 + 12*i + 10. What is the hundreds digit of f(-8)?
1
Let q be ((-6)/18)/((-3)/9). What is the units digit of 25 + (q - (3 + -1))?
4
What is the units digit of (36/8 + -3)*18?
7
Let x = 1 + 2. Suppose -2*j = 5 + x. What is the units digit of ((j - -3)/(-1))/1?
1
Let c(i) be the first derivative of 7*i**3/3 - i**2/2 - 4*i + 2. What is the tens digit of c(-2)?
2
Let h = -218 + 130. What is the units digit of h/(-14) + (-4)/14?
6
What is the tens digit of (-47)/(-3*4/12)?
4
Let z = 4 + -4. Suppose 2*j = 4*h - 0 + 6, z = -2*j + h + 12. Suppose -2*u + j = -1. What is the units digit of u?
4
Suppose 2*g + 0 = 4. Suppose 64 = g*n + 2*n. Let a = -11 + n. What is the units digit of a?
5
Suppose -4*v - 159 = -23. Let q = -20 - v. What is the tens digit of q?
1
Let r = -4 - -38. What is the units digit of r?
4
Suppose -y - 2174 = -5*c, -5*c - 19*y + 17*y + 2177 = 0. What is the tens digit of c?
3
Let c be 5 + 0 + -1 + -1. Let p(f) = -f**3 + 3*f**2 + 2. What is the units digit of p(c)?
2
Let h = 14 + -9. Suppose -h*b + 169 - 54 = 0. What is the units digit of b?
3
Let b(n) = -n**3 - 6*n**2 - 4*n + 2. Let u be -7 + 10 - (8 + 1). What is the tens digit of b(u)?
2
Suppose -4*v + 124 = 12. What is the tens digit of v?
2
Let c = 61 - -107. What is the tens digit of c?
6
Let d(n) = n + 19. Let j be d(-8). Suppose 0*o + j = o. What is the units digit of o?
1
Let d(j) = -j - 3. Let m be d(-6). Suppose -13 = -m*v + 2*v. What is the tens digit of v?
1
Let a = -27 + 129. What is the hundreds digit of a?
1
Suppose -18*k = -23*k + 370. What is the tens digit of k?
7
Let t(h) = -h - 1. Let b be t(-7). Suppose -f = -b*f + 45. Let w(i) = i - 4. What is the units digit of w(f)?
5
Let k = -7 + 12. Suppose -5*p = -2*p + 3, k*f - 128 = 3*p. What is the units digit of f?
5
Let t be (0 - 0)/(2 + -3). Suppose 4*d + t*d + 2*j = 130, 4 = 4*j. What is the tens digit of d?
3
Let r be (48/(-5))/((-3)/30). Suppose -64 = -4*j + r. What is the tens digit of j?
4
Let t = 206 - 60. What is the tens digit of t?
4
Suppose 0*b + 1 = b. What is the units digit of b?
1
Let x(h) = h**2 + 4*h - 17. What is the tens digit of x(-10)?
4
Let u = 284 - 168. What is the hundreds digit of u?
1
Let b(z) = 18*z**3 - 2*z**2 + z. Let s be b(1). Suppose 0 = 2*o + 3*o. Suppose -2*i - 5 + s = o. What is the units digit of i?
6
Let x(f) = f - 2 + 5 - 4*f + 5*f**2. Let g be x(2). Suppose 5*s - g = 13. What is the units digit of s?
6
Let w = 375 - 244. What is the hundreds digit of w?
1
Suppose 0 = 7*q - 5*q - 38. What is the units digit of q?
9
Suppose 79 = 5*h + m, h + 56 = 5*h - m. What is the tens digit of h?
1
Suppose -3*s = -2*s - 3. Suppose -x - n - 9 = -3, -4*n - 16 = 0. What is the units digit of (s/x)/((-1)/4)?
6
Let t(n) = -n**2 + 10*n + 1. Suppose -2*g = -2*c - 2, 3*c + 7 = -0*g - g. Let u be ((-10)/(-2))/((-1)/c). What is the units digit of t(u)?
1
Suppose -10*a = -11*a. Suppose -6*w = -2*w - 16. Suppose 52 = w*k - a*k. What is the tens digit of k?
1
Let v = 28 - -13. What is the units digit of v?
1
Let j(y) = 4*y + 8. Let z(d) = -d - 1. Let b(r) = -j(r) - 6*z(r). What is the units digit of b(6)?
0
Suppose 0 = -3*x - c + 7 + 4, -3*c = x - 9. Suppose r - 3*r = -10. Suppose 0 = -5*g - x*v + 2*v + 20, -3*g + r*v - 16 = 0. What is the units digit of g?
3
Let o(t) = -t**3 + 7*t**2 - 3. Let p be o(7). What is the units digit of ((-33)/6)/(p/6)?
1
Let x(y) = y**3 - 8*y**2 - 8*y - 9. Let v be x(9). Let w be (0 - (2 + v))/(-2). What is the tens digit of (-3 - -1)*-6*w?
1
Let h be (1 + (-2 - -1))/(-2). Suppose 5*g - 3*g - 22 = h. What is the units digit of g?
1
Suppose 0 = 3*a - 33 - 3. What is the units digit of a?
2
Suppose -2*j - 4 = -12. Suppose 5*a + 3*n = -0*n + 42, -a = j*n - 22. What is the units digit of a?
6
Suppose 2*k = -3*v + 49, -2*v + 6*v = 20. Suppose 2 = -2*q, 3*q - 5*q - k = -3*w. What is the units digit of w?
5
Suppose 6 = 3*n, 5*n = -3*h + n + 11. Suppose h = 2*u - 3. Suppose 6*i = u*i + 24. What is the units digit of i?
6
Suppose -3*n - 6 = -5*n. Suppose -4*g + 44 = -n*f, 2*g - 10 = 5*f + 26. What is the units digit of g?
8
Let n = -4 - -12. Suppose -3*j + n*j = 20. Suppose -80 = -5*m - j*k, -18 = -3*m - 4*k + 38. What is the tens digit of m?
1
Let y(f) = f**3 - 7*f**2 + 10. What is the tens digit of y(8)?
7
Let x(a) = 3*a + 52. What is the units digit of x(0)?
2
Let j = 1 + 0. Suppose 4*o - 2*u - 15 = -1, 0 = 4*o - u - 11. Suppose y = o*z - 4, 2*z = 3*y - j - 3. What is the units digit of y?
4
Suppose 2*d = 4*h - 0*d - 70, -3*h + 2*d + 51 = 0. Let b = 32 - h. What is the tens digit of b?
1
Let d(a) = a**3 + 8*a**2 - 12*a - 10. What is the tens digit of d(-9)?
1
Let z(o) = -o**2 + o - 4. Let t be z(0). Let k = t - -19. What is the tens digit of k?
1
Let q = -1 - -1. Suppose q*c - 5*c = -70. What is the tens digit of c?
1
Let g(a) be the second derivative of -7/6*a**3 - 2/3*a**4 + 1/20*a**5 + a - 5*a**2 + 0. What is the units digit of g(9)?
8
Let v(n) = n**2 - 7*n - 2. Let x be v(7). Let d = -2 - x. Let p(s) = s**2 + 19. What is the units digit of p(d)?
9
Suppose -6 = 5*a + 4. Let y be (0 - a)/(5 - 4). What is the tens digit of y/4 + 81/6?
1
Suppose 0 = -2*c + 4*q, 5*q + 21 = -2*c + 2*q. Let n(r) be the second derivative of r**5/20 + r**4/2 - r**3/3 + 5*r**2/2 + r. What is the units digit of n(c)?
7
What is the tens digit of (2 + -5)*13*(-5)/3?
6
Suppose 4*x + 0*s = -3*s + 271, x + 3*s - 79 = 0. Suppose -b = 3*b + x. Let o = 23 + b. What is the units digit of o?
7
Let t(d) = -31*d**3 + d**2 - 1. What is the tens digit of t(-1)?
3
Let v(g) = 5*g - 1. Let s be v(5). Let n(p) = p**2 + 8*p + 4. Let a be n(-5). Let y = a + s. What is the tens digit of y?
1
Suppose -3*b + l + 112 = -23, 0 = 3*l - 9. Let w = b + -30. What is the te